**2 - 18*d + 6. Suppose -s + 12 = c, 2*s - 13 = 3*c + 16. What is b(s)?
-59
Let b(h) = -2*h**2 - 4*h - 4*h**2 + 5 + 5*h**2. Let o be 2*(-2)/(12/(-9)). Let t = -9 + o. Give b(t).
-7
Suppose -4*v - 33 = -1. Let p(f) = -f**2 - 7*f + 7. Let n be p(v). Let u(s) = -401*s**3 - 5 + s**2 + 394*s**3 + 5. What is u(n)?
8
Let r(o) = -11*o**3 + 27*o**2 - 34*o + 15. Let n(x) = 8*x**3 - 18*x**2 + 23*x - 10. Let s(v) = -7*n(v) - 5*r(v). Give s(-10).
5
Let m(p) = 0*p + 1 + p + 1 - 21*p**2 + 20*p**2. What is m(-2)?
-4
Let a(i) = -i**3 - i**2 + 4*i + 3. Suppose 0 = -q - 4*n - 22, 4*q + 0*q = 4*n + 12. Let k be a(q). Let h(t) = -4*t**2 - 1 + 4*t + 0 - 5*t. What is h(k)?
-4
Let d(b) be the first derivative of -b**4/8 - b**3/6 - 5*b**2/2 - 7. Let a(y) be the second derivative of d(y). Determine a(-2).
5
Let h be (6/(-10))/(10 - 196/20). Let y(a) = 17*a + 57. Give y(h).
6
Let y = -1527 + 1523. Let v(a) = a**2 + 3*a - 9. Determine v(y).
-5
Let a(y) be the first derivative of 2*y - 1/2*y**2 - y**3 + 36. What is a(-3)?
-22
Let w(d) = d**3 + 7*d**2 - 7*d + 3. Let g(y) = -3*y**2 + 4*y - 8. Let j be g(0). Determine w(j).
-5
Let j be -4*(-9)/306 + (-189)/17. Let k(h) = h**2 + 13*h - 3. Calculate k(j).
-25
Let r(v) = 19*v**2 + 4*v - 6. Let y(n) = 12*n**2 + 3*n - 4. Let q(a) = -5*r(a) + 8*y(a). Let x = -10 - -4. Calculate q(x).
10
Let t be ((4 - 5) + 1)/(17 + -14). Let l(m) = -m**3 + m**2 + m. What is l(t)?
0
Let j(k) = -2*k - 1. Let l be (-4 + 13)/3 + 0. Let u be j(l). Let d(c) = -c**2 - 8*c - 4. Determine d(u).
3
Let c(t) be the second derivative of -t**5/20 - 2*t**4/3 + 5*t**2/2 - t - 4. Let u = -57 - -49. Determine c(u).
5
Let n = -1 + 3. Let d(z) = 14*z**n + 0*z - z - 8*z**2 + 0*z. Calculate d(1).
5
Let h(u) = 4*u + 436*u**2 - 431*u**2 - 2*u - u**3 - 1. Calculate h(6).
-25
Let q be (-1 + 2)*(2 - (10 - 9)) - 4. Let s(v) be the first derivative of -v**3/3 + v**2/2 + 4*v - 1. What is s(q)?
-8
Let z(c) = c + 2 + 2*c + 2*c**2 - c**2. Suppose 22 + 32 = -18*h. What is z(h)?
2
Suppose w - 43 = -4*a, a - 3*w = 2 - 1. Let o = a + -2. Let v(t) = 11*t**2 - 11*t + 5. Let h(i) = -4*i**2 + 4*i - 2. Let j(x) = o*h(x) + 3*v(x). Calculate j(0).
-1
Suppose -3*b + 3 = 12. Let a(u) = 9*u - 1. Let p(j) = -j. Let q = 7 + -10. Let m(w) = q*a(w) - 24*p(w). Determine m(b).
12
Let c be ((-240)/(-25))/6 + 2/5. Let f(s) = 7*s. Calculate f(c).
14
Let u(n) = n**2 - 4*n - 1. Suppose -5*t + 0 = 35. Let p be (5/4)/(t/(-56)). Let b be (p + -3)/1 - 3. Give u(b).
-1
Let z(r) = -r**2 - 1 + 3129*r - 6274*r + 3127*r. Give z(-16).
31
Let v(s) = -2*s + 2. Let k be -6 + 4 - -4 - -17. Suppose -1 - k = -5*c. What is v(c)?
-6
Let l be -45 - -49 - 3/(6/4). Let j(m) = m - l*m + m - 3*m + 3. Give j(2).
-3
Let m be (-285)/12 + (-9)/(-12). Let f = -23 - m. Suppose f = -0*d - d. Let j(c) = c**3 - c**2 + c + 7. Give j(d).
7
Let z(s) = s**3 - 20*s**2 + 19*s + 4. Suppose 145*c - 456 = 121*c. What is z(c)?
4
Let t(z) = z + 7. Suppose -36 = -8*c - 76. Give t(c).
2
Let j(o) = 388 - 785 + 390 + 14*o. What is j(3)?
35
Suppose -97 = -11*i - 163. Let g(l) = -l**2 - l - 3. Calculate g(i).
-33
Let z(l) be the first derivative of 5*l**2 + l - 15. Let c = -57 - -56. Calculate z(c).
-9
Let k(t) = t**3 + 1. Let v = 82 - 86. Let h(b) = 3*b**3 + 5*b**2 - 5*b + 6. Let r(a) = v*k(a) + h(a). What is r(4)?
-2
Suppose -30 = -5*j - 0*z + 4*z, -25 = -3*j + z. Let o(l) = -l**3 + 11*l**2 - 10*l + 4. Give o(j).
4
Let q(t) = -5*t**3 + 4*t**2 + 7*t + 4. Let f(l) = 4*l**3 - l**2 - 5*l - 4. Let v(p) = 4*f(p) + 3*q(p). Calculate v(-7).
38
Let y(z) = z**2 - 11*z + 10. Let j(v) = 2*v**2 - 23*v + 21. Let r(l) = 2*j(l) - 5*y(l). Let b = -21248 + 21254. Determine r(b).
10
Let c(y) = 4*y - 11. Let q be -3 - (1*(-3 + 29))/(-2). Calculate c(q).
29
Let r be (13 + -15)*5/6*3. Let k(c) = c**2 + c - 4. Give k(r).
16
Let j(n) = n**2 - 7*n - 4. Suppose -10 = 24*v - 26*v. Determine j(v).
-14
Let x(y) = -y - 12. Let o be 2/3*2472/16. Let w = -108 + o. Calculate x(w).
-7
Let n(r) = 5*r + 2. Let t be n(2). Suppose -l + 3*l + t = 0. Let c(i) = -i**2 - i + 8. Give c(l).
-22
Let g(y) be the first derivative of -y**3/3 + 5*y**2/2 + 7*y - 824. Give g(7).
-7
Let c(i) = 5 - 258*i - 253*i + 512*i. Suppose 0 = -2*g + 2*k - 20, 5*k - 22 = 3*g - 2*g. Calculate c(g).
-2
Let l = -474 + 476. Let v(k) = -8*k + 1. What is v(l)?
-15
Let w(a) = -2*a + 1. Suppose 4*j - 8 = 4*y, 4*y + 0 = 3*j - 3. Let l be -1*(j - (2 - 1)). Let x = 6 + l. Give w(x).
-3
Suppose -5*b - 3 = -4*b. Let z(s) = 4*s + 5. Let t(x) = 5*x + 4. Let u(y) = b*t(y) + 4*z(y). Let o = -13 + 8. Determine u(o).
3
Let x = -4 + 0. Let n(f) be the second derivative of -f**4/6 - 2*f**3/3 + 3*f**2/2 + 55*f. Calculate n(x).
-13
Suppose 510*k = 523*k - 65. Let p(v) = v - 1. Let h(r) = 1. Let u(m) = -3*h(m) - p(m). Give u(k).
-7
Let d be ((-95)/(-38))/(2/(-4)). Let c(q) be the second derivative of q**4/12 + q**3/2 - 2*q**2 - 64*q. Calculate c(d).
6
Let w(h) = 2 - 3*h - 3*h + h**3 - 2*h**2 + 3*h + 4. Let n be w(3). Let o(t) be the first derivative of t**3/3 - 2*t**2 - 6*t - 2. Give o(n).
6
Suppose -f - 20 = -5*d - 2*f, -f = 3*d - 12. Suppose j = -d*j + 20. Let g(z) = -1 - z**3 + 10*z + 4*z**2 - 14*z - z**2 + 8*z. What is g(j)?
-1
Suppose -30*x + 26*x + 12 = 0. Let o(g) = -g + 4. Give o(x).
1
Suppose 2*b - 90 = 3*p - 7*p, -4*b + 60 = 2*p. Let w = -229 + 257. Let l = p - w. Let g(v) = -v**3 - 9*v**2 - 7*v + 4. Calculate g(l).
-4
Let o(u) = -4 - u - 5*u**2 - 3*u + 2*u + 6. Let z(j) = 11*j**2 + 4*j - 4. Let c(k) = 9*o(k) + 4*z(k). Suppose 2*p - 5 + 1 = 0. Determine c(p).
-6
Suppose -a = -2*a - 4*n - 6, -5*a - n = -8. Let v(u) = 3*u**3 - 4*u**3 + u + a*u**2 + 4*u**3. Calculate v(-1).
-2
Let g(m) = -2*m**2 + m + 3. Let w(z) = -13*z**2 + 7*z + 5. Let o(f) = -6*g(f) + w(f). Determine o(0).
-13
Let y(t) be the second derivative of -t**4/12 - t**3/3 + t**2 - 14*t + 2. Suppose -9 = 2*n + v, v + 1 + 2 = 0. What is y(n)?
-1
Let g(z) = 3*z**2 - 4*z - 3. Let y(s) = -2*s**2 + 7*s**2 - 6 - 7*s + 2*s**2. Let a(r) = 5*g(r) - 2*y(r). Calculate a(6).
-3
Let r(a) = -5*a - 11. Let v(u) = -u - 1. Let d(k) = -r(k) + 6*v(k). Determine d(-9).
14
Suppose -d - g = 4*g - 8, 4*d - 4*g - 8 = 0. Suppose 0*o = -o - d. Let b(w) = -4*w + 3*w - 5*w**2 + w**3 + 7*w**2 + 2*w**2 - 4. What is b(o)?
8
Let k(w) = w**2 - 30*w + 16. Let z(d) = -2*d**2 + 65*d - 31. Let n(r) = 9*k(r) + 4*z(r). What is n(8)?
4
Let j be ((-18)/(-10))/((-111)/(-185)). Let l(n) = -4 - 3*n + 2*n - 6*n + n. Give l(j).
-22
Suppose -m + 6*m = -5*i + 15, -i - 5*m = 1. Let g(j) = -2*j + i*j + 9 - j. Let u(f) = 48*f - 52. Let a be u(1). Calculate g(a).
5
Let h(m) = -m**3 - 4*m**2 + 37*m - 25. Let g be h(4). Let y(t) = -t**3 - 3*t**2 + 3*t - 2. Determine y(g).
33
Let h(m) = 2*m**3 - 4*m**2 - 4*m + 2. Let q(p) = p**3 - 2*p**2 - 2*p + 1. Suppose -5*w = -3*w + 6. Let a(s) = w*h(s) + 7*q(s). Let x = -274 - -277. Give a(x).
4
Let a(n) = 2*n + 4. Let f be 2/(3/4*(-20)/30). What is a(f)?
-4
Let c(v) = v**2 - 9*v + 8. Let n(f) = 3*f**2 + 28*f + 11. Let g be n(-9). Suppose 0 = -g*h - 6 + 20. Give c(h).
-6
Suppose z = -4, -3*o - 5*z - 5 = 2*o. Let a(j) = -5*j - 1. Give a(o).
-16
Suppose -2*w = 5*o - 626 + 234, 4*o + 3*w - 315 = 0. Let f = o + -71. Let l(a) = -10 + a - 4 + 4. What is l(f)?
-3
Suppose -5*q = -14 - 6. Let k(n) = -4 - q*n**2 + 3*n**2 - 6 - 9*n + 2. Let l = -28 - -22. Give k(l).
10
Let d(v) = -v**3 - 9*v**2 + 22*v + 3. Let j be d(-11). Let p(b) = -2*b**2 + 3*b + 4. Give p(j).
-5
Let p(l) = 4*l**2 + 2*l - 2 - 5 + 8 - 2. Give p(1).
5
Let s(q) = 7*q**3 + 4*q**2 + q + 7. Let a(c) = 3*c**3 + 2*c**2 + 4. Let y(d) = -5*a(d) + 2*s(d). Determine y(-3).
-3
Let i(f) = -f**3 + 8*f**2 - 6*f - 6. Let v = -419 + 426. Determine i(v).
1
Let h(o) = 13*o**2 - 11*o + 2. Let g(n) = 10*n**2 - 10*n + 3. Let b(q) = -4*g(q) + 3*h(q). Determine b(6).
0
Suppose 13*n = 34*n. Let d(i) = -i**2 + 15*i + n - 9*i - 2. Determine d(5).
3
Let a(g) = -g**2 - 29*g - 98. Let n be a(-4). Let t(l) = l**3 - l + 2. Give t(n).
8
Let t(a) = -a**2 - 7*a + 7. Let i(k) = -k**3 + 13*k**2 - 12*k + 3. Let s be i(12). Suppose -s*u - 31 = 5*c, -4*u + 6*c - 2*c = 20. Calculate t(u).
7
Let y(i) be the second derivative of -2*i**3/3 - i**2 + 9*i + 2. What is y(4)?
-18
Let h(x) = -x**3 - 7*x**2 - 6*x + 7. Let m(p) = p**2 - 3*p - 13. Let r be m(7). Suppose -2